{"id":316,"date":"2022-07-22T08:16:10","date_gmt":"2022-07-22T08:16:10","guid":{"rendered":"https:\/\/sf.ues.rs.ba\/eng\/?page_id=316"},"modified":"2022-07-22T08:16:11","modified_gmt":"2022-07-22T08:16:11","slug":"department-of-motor-vehicles-operation-and-diagnostics","status":"publish","type":"page","link":"https:\/\/sf.ues.rs.ba\/eng\/index.php\/department-of-motor-vehicles-operation-and-diagnostics\/","title":{"rendered":"DEPARTMENT OF MOTOR VEHICLES, OPERATION AND DIAGNOSTICS"},"content":{"rendered":"\n<p><strong>Head of the\ndepartment:<\/strong> Ph.D. Mesud Ajanovi\u0107, Associate professor <\/p>\n\n\n\n<p><strong>Secretary\nof the department:<\/strong> Milan Eremija, Assistant <\/p>\n\n\n\n<p><strong>PROFESSORS<\/strong><\/p>\n\n\n\n<ul class=\"wp-block-list\"><li>Ph.D. Perica Gojkovi\u0107, Full professor<\/li><li>Ph.D. Mesud Ajanovi\u0107, Associate professor<\/li><li>Ph.D. Zdravko Nuni\u0107, Associate professor<\/li><li>Ph.D. Zoran Ristiki\u0107, Assistant professor<\/li><\/ul>\n\n\n\n<p><strong>ASSOCIATES<\/strong><\/p>\n\n\n\n<ul class=\"wp-block-list\"><li>MSc Miroslav Pavlovi\u0107, Senior Assistant<\/li><li>Milan Eremija, Assistant <\/li><\/ul>\n\n\n\n<p><strong>LIST OF COURSES<\/strong><\/p>\n\n\n\n<p>1. Vehicles and devices<\/p>\n\n\n\n<p>2. Operation and maintenance<\/p>\n\n\n\n<p>3. &nbsp;SUS engines<\/p>\n\n\n\n<p>4. &nbsp;Motor vehicles<\/p>\n\n\n\n<p>5. &nbsp;Basic modes of\ntransport 1<\/p>\n\n\n\n<p>6. &nbsp;Fundamentals of\nthermodynamics<\/p>\n\n\n\n<p>7. &nbsp;Fundamentals of\nfluid mechanics<\/p>\n\n\n\n<p>8 . Fuel and lubricant technology<\/p>\n\n\n\n<p>9. Fundamentals of vehicle dynamics<\/p>\n\n\n\n<p>10. Fuel supply systems<\/p>\n\n\n\n<p>11. Alternative fuels and unconventional vehicle drives<\/p>\n\n\n\n<p>12. Mechatronic systems for engines and vehicles<\/p>\n\n\n\n<p>13. Compressors, pumps and fans<\/p>\n\n\n\n<p>14. Materials of road vehicles<\/p>\n\n\n\n<p>15. SUS engine design<\/p>\n\n\n\n<p>16. SUS engine equipment<\/p>\n\n\n\n<p>17. Vehicle design and calculation<\/p>\n\n\n\n<p>18. Operation and maintenance of vehicles<\/p>\n\n\n\n<p>19. Engine diagnostics and maintenance<\/p>\n\n\n\n<p>20. Design and organization of vehicle maintenance systems<\/p>\n\n\n\n<p>21. Technical inspection and homologation of vehicles<\/p>\n\n\n\n<p>22. Technical diagnostics of motor vehicles<\/p>\n\n\n\n<p>23. Advanced fluid dynamics &#8211; gas dynamics<\/p>\n\n\n\n<p>24. Elasticity theory<\/p>\n\n\n\n<p>25. Torsional oscillations of the SUS engines<\/p>\n\n\n\n<p>26. SUS engine charging<\/p>\n\n\n\n<p>27. Engine dynamics SUS<\/p>\n\n\n\n<p>28. Process modeling in engines<\/p>\n\n\n\n<p>29. Vehicle active safety system<\/p>\n\n\n\n<p>30. Special purpose vehicles<\/p>\n\n\n\n<p>31. Accident analysis<\/p>\n\n\n\n<p>32. Aerodynamics and vehicle design<\/p>\n\n\n\n<p>33. Vehicle transmission\n\n34.\nUnconventional vehicle drives\n\n\n\n<\/p>\n","protected":false},"excerpt":{"rendered":"<p>Head of the department: Ph.D. Mesud Ajanovi\u0107, Associate professor Secretary of the department: Milan Eremija, Assistant PROFESSORS Ph.D. Perica Gojkovi\u0107, Full professor Ph.D. Mesud Ajanovi\u0107, Associate professor Ph.D. Zdravko Nuni\u0107, [&hellip;]<\/p>\n","protected":false},"author":1,"featured_media":0,"parent":0,"menu_order":0,"comment_status":"closed","ping_status":"closed","template":"","meta":{"footnotes":""},"class_list":["post-316","page","type-page","status-publish","hentry"],"_links":{"self":[{"href":"https:\/\/sf.ues.rs.ba\/eng\/index.php\/wp-json\/wp\/v2\/pages\/316","targetHints":{"allow":["GET"]}}],"collection":[{"href":"https:\/\/sf.ues.rs.ba\/eng\/index.php\/wp-json\/wp\/v2\/pages"}],"about":[{"href":"https:\/\/sf.ues.rs.ba\/eng\/index.php\/wp-json\/wp\/v2\/types\/page"}],"author":[{"embeddable":true,"href":"https:\/\/sf.ues.rs.ba\/eng\/index.php\/wp-json\/wp\/v2\/users\/1"}],"replies":[{"embeddable":true,"href":"https:\/\/sf.ues.rs.ba\/eng\/index.php\/wp-json\/wp\/v2\/comments?post=316"}],"version-history":[{"count":1,"href":"https:\/\/sf.ues.rs.ba\/eng\/index.php\/wp-json\/wp\/v2\/pages\/316\/revisions"}],"predecessor-version":[{"id":317,"href":"https:\/\/sf.ues.rs.ba\/eng\/index.php\/wp-json\/wp\/v2\/pages\/316\/revisions\/317"}],"wp:attachment":[{"href":"https:\/\/sf.ues.rs.ba\/eng\/index.php\/wp-json\/wp\/v2\/media?parent=316"}],"curies":[{"name":"wp","href":"https:\/\/api.w.org\/{rel}","templated":true}]}}