{"id":123,"date":"2022-05-05T08:52:14","date_gmt":"2022-05-05T08:52:14","guid":{"rendered":"https:\/\/sf.ues.rs.ba\/eng\/?page_id=123"},"modified":"2024-10-01T11:02:29","modified_gmt":"2024-10-01T11:02:29","slug":"msc-dunja-radovic-stojcic-senior-assistant","status":"publish","type":"page","link":"https:\/\/sf.ues.rs.ba\/eng\/index.php\/msc-dunja-radovic-stojcic-senior-assistant\/","title":{"rendered":"Ph. D.  Dunja Radovic Stojcic, Assistant professor"},"content":{"rendered":"\n<figure class=\"wp-block-image\"><img loading=\"lazy\" decoding=\"async\" width=\"240\" height=\"300\" src=\"https:\/\/sf.ues.rs.ba\/eng\/wp-content\/uploads\/2022\/05\/Dunja-R-2-240x300.jpg\" alt=\"\" class=\"wp-image-140\" srcset=\"https:\/\/sf.ues.rs.ba\/eng\/wp-content\/uploads\/2022\/05\/Dunja-R-2-240x300.jpg 240w, https:\/\/sf.ues.rs.ba\/eng\/wp-content\/uploads\/2022\/05\/Dunja-R-2-240x300-44x55.jpg 44w, https:\/\/sf.ues.rs.ba\/eng\/wp-content\/uploads\/2022\/05\/Dunja-R-2-240x300-19x24.jpg 19w, https:\/\/sf.ues.rs.ba\/eng\/wp-content\/uploads\/2022\/05\/Dunja-R-2-240x300-29x36.jpg 29w, https:\/\/sf.ues.rs.ba\/eng\/wp-content\/uploads\/2022\/05\/Dunja-R-2-240x300-38x48.jpg 38w\" sizes=\"auto, (max-width: 240px) 100vw, 240px\" \/><\/figure>\n\n\n\n<p><strong>Name:&nbsp;Dunja Radovi\u0107 Stoj\u010di\u0107<\/strong><\/p>\n\n\n\n<p>Date of birth: 28.01.1993.<\/p>\n\n\n\n<p>Place and country of birth: Srbinje (Fo\u010da), Republic of Srpska, Bosnia and Herzegovina<\/p>\n\n\n\n<p>E\nmail: dunja.radovic@sf.ues.rs.ba<\/p>\n\n\n\n<p><strong>EDUCATION<\/strong><\/p>\n\n\n\n<p><strong>Undergraduate studies<\/strong>: Institution \u2013 University of East\nSarajevo, Faculty of Transport and Traffic Engineering Doboj; <\/p>\n\n\n\n<p>Title: Bachelor of Engineering in Transport and\nTraffic, Year 2016.<\/p>\n\n\n\n<p><strong>Postgraduate studies<\/strong>: Institution \u2013 University of East\nSarajevo, Faculty of Transport and Traffic Engineering Doboj; <\/p>\n\n\n\n<p>Title: Master of Science in Transport and Traffic Engineering, Year 2019.<\/p>\n\n\n\n<p><strong>Doctoral studies<\/strong>:&nbsp;Institution: University of East Sarajevo, Faculty of Transport and Traffic Engineering, Doboj;<\/p>\n\n\n\n<p>Title: PhD in Transport and Traffic Engineering, Year 2023.<\/p>\n\n\n\n<p>Title of doctoral thesis:  THE INFLUENCE OF NOVICE DRIVERS ON THE TRAFFIC CONDITIONS OF PRIORITY INTERSECTIONS<br><\/p>\n\n\n\n<p><strong>ELECTIONS TO EDUCATIONAL-SCIENTIFIC\nTITLES<\/strong><\/p>\n\n\n\n<p><strong>Assistant<\/strong><strong>:<\/strong> Research field \u2013 Transportation\nengineering; Year \u2013 2017; Institution \u2013 University of East Sarajevo, Faculty of\nTransport and Traffic Engineering Doboj.<\/p>\n\n\n\n<p><strong>Senior assistant<\/strong>: Research field \u2013 Transportation engineering; Year \u2013 2020; Institution \u2013 University of East Sarajevo, Faculty of Transport and Traffic Engineering Doboj.<\/p>\n\n\n\n<p><strong>Assistent professor<\/strong>: Research field \u2013 Transportation engineering; Year \u2013 2023; Institution \u2013 University of East Sarajevo, Faculty of Transport and Traffic Engineering Doboj. <\/p>\n\n\n\n<p><strong>PUBLISHED PAPERS<\/strong><\/p>\n\n\n\n<p>Total number of published papers: 32<\/p>\n\n\n\n<p>Number of papers published in SCI journals: 5<\/p>\n\n\n\n<p>Please\nrefer to the link below for the full list of papers: <\/p>\n\n\n\n<ul class=\"wp-block-list\"><li><a href=\"https:\/\/scholar.google.com\/citations?user=Dtl1Ui4AAAAJ&amp;hl=sr&amp;oi=ao\"><a href=\"https:\/\/scholar.google.com\/citations?hl=sr&amp;user=i4fTst4AAAAJ\">Google Scholar<\/a><\/a><\/li><\/ul>\n","protected":false},"excerpt":{"rendered":"<p>Name:&nbsp;Dunja Radovi\u0107 Stoj\u010di\u0107 Date of birth: 28.01.1993. Place and country of birth: Srbinje (Fo\u010da), Republic of Srpska, Bosnia and Herzegovina E mail: dunja.radovic@sf.ues.rs.ba EDUCATION Undergraduate studies: Institution \u2013 University of [&hellip;]<\/p>\n","protected":false},"author":1,"featured_media":0,"parent":0,"menu_order":0,"comment_status":"closed","ping_status":"closed","template":"","meta":{"footnotes":""},"class_list":["post-123","page","type-page","status-publish","hentry"],"_links":{"self":[{"href":"https:\/\/sf.ues.rs.ba\/eng\/index.php\/wp-json\/wp\/v2\/pages\/123","targetHints":{"allow":["GET"]}}],"collection":[{"href":"https:\/\/sf.ues.rs.ba\/eng\/index.php\/wp-json\/wp\/v2\/pages"}],"about":[{"href":"https:\/\/sf.ues.rs.ba\/eng\/index.php\/wp-json\/wp\/v2\/types\/page"}],"author":[{"embeddable":true,"href":"https:\/\/sf.ues.rs.ba\/eng\/index.php\/wp-json\/wp\/v2\/users\/1"}],"replies":[{"embeddable":true,"href":"https:\/\/sf.ues.rs.ba\/eng\/index.php\/wp-json\/wp\/v2\/comments?post=123"}],"version-history":[{"count":7,"href":"https:\/\/sf.ues.rs.ba\/eng\/index.php\/wp-json\/wp\/v2\/pages\/123\/revisions"}],"predecessor-version":[{"id":406,"href":"https:\/\/sf.ues.rs.ba\/eng\/index.php\/wp-json\/wp\/v2\/pages\/123\/revisions\/406"}],"wp:attachment":[{"href":"https:\/\/sf.ues.rs.ba\/eng\/index.php\/wp-json\/wp\/v2\/media?parent=123"}],"curies":[{"name":"wp","href":"https:\/\/api.w.org\/{rel}","templated":true}]}}