{"id":145,"date":"2024-06-17T11:34:45","date_gmt":"2024-06-17T10:34:45","guid":{"rendered":"https:\/\/sf.ues.rs.ba\/cmv\/?page_id=145"},"modified":"2024-06-17T12:18:15","modified_gmt":"2024-06-17T11:18:15","slug":"o-nama-2","status":"publish","type":"page","link":"https:\/\/sf.ues.rs.ba\/cmv\/index.php\/o-nama-2\/","title":{"rendered":"O NAMA"},"content":{"rendered":"\n<p>Centar za ispitivanje vozila vr\u0161i usluge stru\u010dnog osposobljavanja iz oblasti saobra\u0107aja i transporta, usluge ispitivanja motornih vozila i njihovih komponenti za fizi\u010dka i pravna lica sa podru\u010dja Bosne i Hercegovine i inostranstva.<\/p>\n\n\n\n<p>Centar za ispitivanje vozila je podorganizaciona jedinica Nau\u010dno-istra\u017eiva\u010dkog centra Saobra\u0107ajnog fakulteta Doboj koja se bavi poslovima drugih djelatnosti iz okvira registrovanih djelatnosti Saobra\u0107ajnog fakulteta Doboj<\/p>\n\n\n\n<ul class=\"wp-block-list\">\n<li>Centar posjeduje odobrenje Ministarstva komunikacija i transporta Bosne i Hercegovine za obavljanje tehni\u010dkih poslova u oblasti homologacije i sertifikovanja vozila.<\/li>\n\n\n\n<li>Pregled vozila i izdavanja sertifikata za vozila\u00a0 koja transportuju opasne materije (ADR) vr\u0161imo po odobrenju Ministarstva saobra\u0107aja i veza Republike Srpske i Ministarstva komunikacija i transporta Bosne i Hercegovine.<\/li>\n\n\n\n<li>Stru\u010dna osposobljavanja Savjetnika u bezbjednosti prevoza opasnih materija (ADR, RID, ADN), voza\u010da motornih vozila za prevoz opasnih materija i drugih lica koja u\u010destvuju u prevozu opasnih materija i \u0161efova prevoza u drumskom saobra\u0107aju vr\u0161imo prema odobrenju Ministarstva saobra\u0107aja i veza Republike Srpske.<\/li>\n<\/ul>\n\n\n\n<p>Preglede i ispitivanja vozila vr\u0161imo u namjenski izgra\u0111enom objektu povr\u0161ine 880 m<sup>2<\/sup> u ulici Solunskih dobrovoljaca b.b. u Doboju. Objekat posjeduje asfaltirane saobra\u0107ajnice sa neophodnim parkinzima povr\u0161ine 2411 m<sup>2<\/sup>.<\/p>\n\n\n\n<p>Ispitivanja vozila vr\u0161imo prema odredbama doma\u0107e i strane legislative, me\u0111unarodnim sporazumima i standardima.<\/p>\n\n\n\n<p>U okviru centra za ispitivanje vozila djeluje Laboratorija za ispitivanje motornih vozila opremljena savremenim \u0161asijskim dinamometrom AVL Roadsim Chassis Dyno 48\u201c 4WD MiM i dinamometrom za ispitivanje motora AVL Dyno Perform 160 kW sa pripadaju\u0107om opremom, renomiranog proizvo\u0111a\u010da AVL Austrija.<\/p>\n\n\n\n<p>Saradnici koji obavljaju poslove u okviru centra za ipistivanje motornih volzilas su:<\/p>\n\n\n\n<ol class=\"wp-block-list\">\n<li>Dr Mesud Ajanovi\u0107, redovni profesor<\/li>\n\n\n\n<li>Dr Tihomir \u0110uri\u0107, rednovni profesor<\/li>\n\n\n\n<li>Dr Miroslav Kostadinovi\u0107, vanredni profesor<\/li>\n\n\n\n<li>Dr \u017divko Erceg, vanredni profesor<\/li>\n\n\n\n<li>Dr Nata\u0161a \u0110ali\u0107, docent<\/li>\n\n\n\n<li>Mr Miroslav Pavlovi\u0107, vi\u0161i asistent<\/li>\n\n\n\n<li>Mr Milan Eremija, vi\u0161i asistent<\/li>\n\n\n\n<li>Mr Vladimir Mal\u010di\u0107, vi\u0161i asistent<\/li>\n\n\n\n<li>Mr Sanja Simi\u0107, vi\u0161i asistent<\/li>\n\n\n\n<li>Mr Biljana Gari\u0107<\/li>\n\n\n\n<li>Svetko Milutinovi\u0107, dipl. ing. saob.<\/li>\n\n\n\n<li>Marko Kova\u010devi\u0107, dipl. ing. saob.<\/li>\n\n\n\n<li>Mario Radonji\u0107, dipl. ing. saob.<\/li>\n\n\n\n<li>Jovanka Ja\u0107imovi\u0107, tehni\u010dar<\/li>\n<\/ol>\n\n\n\n<p>Rukovodilac centra : Dr Mesud Ajanovi\u0107, redovni profesor<\/p>\n","protected":false},"excerpt":{"rendered":"<p>Centar za ispitivanje vozila vr\u0161i usluge stru\u010dnog osposobljavanja iz oblasti saobra\u0107aja i transporta, usluge ispitivanja motornih vozila i njihovih komponenti za fizi\u010dka i pravna lica sa podru\u010dja Bosne i Hercegovine i inostranstva. Centar za ispitivanje vozila je podorganizaciona jedinica Nau\u010dno-istra\u017eiva\u010dkog centra Saobra\u0107ajnog fakulteta Doboj koja se bavi poslovima drugih djelatnosti iz okvira registrovanih djelatnosti Saobra\u0107ajnog [&hellip;]<\/p>\n","protected":false},"author":1,"featured_media":0,"parent":0,"menu_order":0,"comment_status":"closed","ping_status":"closed","template":"stranicawide","meta":{"footnotes":""},"class_list":["post-145","page","type-page","status-publish","hentry"],"_links":{"self":[{"href":"https:\/\/sf.ues.rs.ba\/cmv\/index.php\/wp-json\/wp\/v2\/pages\/145","targetHints":{"allow":["GET"]}}],"collection":[{"href":"https:\/\/sf.ues.rs.ba\/cmv\/index.php\/wp-json\/wp\/v2\/pages"}],"about":[{"href":"https:\/\/sf.ues.rs.ba\/cmv\/index.php\/wp-json\/wp\/v2\/types\/page"}],"author":[{"embeddable":true,"href":"https:\/\/sf.ues.rs.ba\/cmv\/index.php\/wp-json\/wp\/v2\/users\/1"}],"replies":[{"embeddable":true,"href":"https:\/\/sf.ues.rs.ba\/cmv\/index.php\/wp-json\/wp\/v2\/comments?post=145"}],"version-history":[{"count":3,"href":"https:\/\/sf.ues.rs.ba\/cmv\/index.php\/wp-json\/wp\/v2\/pages\/145\/revisions"}],"predecessor-version":[{"id":163,"href":"https:\/\/sf.ues.rs.ba\/cmv\/index.php\/wp-json\/wp\/v2\/pages\/145\/revisions\/163"}],"wp:attachment":[{"href":"https:\/\/sf.ues.rs.ba\/cmv\/index.php\/wp-json\/wp\/v2\/media?parent=145"}],"curies":[{"name":"wp","href":"https:\/\/api.w.org\/{rel}","templated":true}]}}